{"id":11,"date":"2025-06-30T08:16:05","date_gmt":"2025-06-30T08:16:05","guid":{"rendered":"https:\/\/mangodiv.website\/demo9\/?page_id=11"},"modified":"2025-08-13T06:37:34","modified_gmt":"2025-08-13T06:37:34","slug":"politica-de-privacidad","status":"publish","type":"page","link":"https:\/\/mangodiv.website\/demo9\/politica-de-privacidad\/","title":{"rendered":"Pol\u00edtica de privacidad"},"content":{"rendered":"\t\t<div data-elementor-type=\"wp-page\" data-elementor-id=\"11\" class=\"elementor elementor-11\" data-elementor-post-type=\"page\">\n\t\t\t\t<div class=\"elementor-element elementor-element-8906473 banner_tb e-flex e-con-boxed e-con e-parent\" data-id=\"8906473\" data-element_type=\"container\" data-settings=\"{&quot;background_background&quot;:&quot;classic&quot;}\">\n\t\t\t\t\t<div class=\"e-con-inner\">\n\t\t\t\t<div class=\"elementor-element elementor-element-3af5556 elementor-widget elementor-widget-heading\" data-id=\"3af5556\" data-element_type=\"widget\" data-widget_type=\"heading.default\">\n\t\t\t\t<div class=\"elementor-widget-container\">\n\t\t\t\t\t<h1 class=\"elementor-heading-title elementor-size-default\">POL\u00cdTICA DE PRIVACIDAD<\/h1>\t\t\t\t<\/div>\n\t\t\t\t<\/div>\n\t\t\t\t\t<\/div>\n\t\t\t\t<\/div>\n\t\t<div class=\"elementor-element elementor-element-2bd54b1 p-b p-20 e-flex e-con-boxed e-con e-parent\" data-id=\"2bd54b1\" data-element_type=\"container\">\n\t\t\t\t\t<div class=\"e-con-inner\">\n\t\t<div class=\"elementor-element elementor-element-dc6294d e-con-full p-60 box_shadow e-flex e-con e-child\" data-id=\"dc6294d\" data-element_type=\"container\" data-settings=\"{&quot;background_background&quot;:&quot;classic&quot;}\">\n\t\t\t\t<div class=\"elementor-element elementor-element-1d325ee elementor-widget elementor-widget-heading\" data-id=\"1d325ee\" data-element_type=\"widget\" data-widget_type=\"heading.default\">\n\t\t\t\t<div class=\"elementor-widget-container\">\n\t\t\t\t\t<h2 class=\"elementor-heading-title elementor-size-default\">POL\u00cdTICA DE PRIVACIDAD <\/h2>\t\t\t\t<\/div>\n\t\t\t\t<\/div>\n\t\t\t\t<div class=\"elementor-element elementor-element-e13616c elementor-widget elementor-widget-text-editor\" data-id=\"e13616c\" data-element_type=\"widget\" data-widget_type=\"text-editor.default\">\n\t\t\t\t<div class=\"elementor-widget-container\">\n\t\t\t\t\t\t\t\t\t<p>Somos una empresa en la que la transparencia en la informaci\u00f3n es fundamental para establecer una relaci\u00f3n de confianza con las personas que forman nuestro proyecto y con nuestros proveedores y clientes, siendo la protecci\u00f3n de los datos personales de las personas que conf\u00edan en nosotros de vital importancia, por lo que queremos mediante la presente Pol\u00edtica de privacidad informarte de c\u00f3mo recabamos y c\u00f3mo tratamos o utilizamos dichos datos. En esta pol\u00edtica de privacidad se establecen las bases sobre las que la empresa, trata los datos de car\u00e1cter personal que voluntariamente nos facilitan nuestros usuarios a trav\u00e9s de la p\u00e1gina web.Esta\u00a0 Pol\u00edtica siempre sar\u00e1 aplicable cuando se faciliten datos a la empresa, el cual ser\u00e1 responsable de sus datos (Responsable del Tratamiento de los Datos), y a trav\u00e9s de cualquiera de los formularios de contacto o suscripci\u00f3n donde se recojan datos de car\u00e1cter personal (nombre, email, etc.).<\/p>\t\t\t\t\t\t\t\t<\/div>\n\t\t\t\t<\/div>\n\t\t\t\t<div class=\"elementor-element elementor-element-bfe4ce8 elementor-widget elementor-widget-heading\" data-id=\"bfe4ce8\" data-element_type=\"widget\" data-widget_type=\"heading.default\">\n\t\t\t\t<div class=\"elementor-widget-container\">\n\t\t\t\t\t<h2 class=\"elementor-heading-title elementor-size-default\">A QU\u00c9 NOS COMPROMETEMOS<\/h2>\t\t\t\t<\/div>\n\t\t\t\t<\/div>\n\t\t\t\t<div class=\"elementor-element elementor-element-6313e8e elementor-widget elementor-widget-text-editor\" data-id=\"6313e8e\" data-element_type=\"widget\" data-widget_type=\"text-editor.default\">\n\t\t\t\t<div class=\"elementor-widget-container\">\n\t\t\t\t\t\t\t\t\t<p>\u25aa A respetar la privacidad de nuestros usuarios y tratar los datos personalescon el consentimiento de los mismos.<\/p><p>\u25aa A tratar los datos personales que estrictamente necesitemos para dar el servicio solicitado, y tratarlos de forma segura y confidencial, tomando las medidas necesarias para evitar el acceso no autorizado y el uso indebido de los mismos.<\/p><p>\u25aa A no utilizar los datos personales para finalidades para las que no hemos obtenido previamente el consentimiento.<\/p><p>\u25aa A no dar los datos personales a terceros ni compartirlos.<\/p><p>\u25aa A conservar los datos personales durante el tiempo estrictamente necesario para la finalidad concreta para la que han sido proporcionados.<\/p>\t\t\t\t\t\t\t\t<\/div>\n\t\t\t\t<\/div>\n\t\t<div class=\"elementor-element elementor-element-03b512b e-con-full e-flex e-con e-child\" data-id=\"03b512b\" data-element_type=\"container\">\n\t\t\t\t<div class=\"elementor-element elementor-element-988bdf2 elementor-widget elementor-widget-heading\" data-id=\"988bdf2\" data-element_type=\"widget\" data-widget_type=\"heading.default\">\n\t\t\t\t<div class=\"elementor-widget-container\">\n\t\t\t\t\t<h2 class=\"elementor-heading-title elementor-size-default\">QUI\u00c9N ES EL RESPONSABLE DE TUS DATOS PERSONALES<\/h2>\t\t\t\t<\/div>\n\t\t\t\t<\/div>\n\t\t<div class=\"elementor-element elementor-element-55df201 e-con-full e-flex e-con e-child\" data-id=\"55df201\" data-element_type=\"container\">\n\t\t\t\t<div class=\"elementor-element elementor-element-4b60a5b elementor-align-left elementor-widget__width-initial elementor-widget-mobile__width-inherit elementor-icon-list--layout-traditional elementor-list-item-link-full_width elementor-widget elementor-widget-icon-list\" data-id=\"4b60a5b\" data-element_type=\"widget\" data-widget_type=\"icon-list.default\">\n\t\t\t\t<div class=\"elementor-widget-container\">\n\t\t\t\t\t\t\t<ul class=\"elementor-icon-list-items\">\n\t\t\t\t\t\t\t<li class=\"elementor-icon-list-item\">\n\t\t\t\t\t\t\t\t\t\t<span class=\"elementor-icon-list-text\">Nombre de la empresa<\/span>\n\t\t\t\t\t\t\t\t\t<\/li>\n\t\t\t\t\t\t\t\t<li class=\"elementor-icon-list-item\">\n\t\t\t\t\t\t\t\t\t\t<span class=\"elementor-icon-list-text\">B55548028<\/span>\n\t\t\t\t\t\t\t\t\t<\/li>\n\t\t\t\t\t\t\t\t<li class=\"elementor-icon-list-item\">\n\t\t\t\t\t\t\t\t\t\t<span class=\"elementor-icon-list-text\">Calle<\/span>\n\t\t\t\t\t\t\t\t\t<\/li>\n\t\t\t\t\t\t\t\t<li class=\"elementor-icon-list-item\">\n\t\t\t\t\t\t\t\t\t\t<span class=\"elementor-icon-list-text\">C\u00f3digo Postal<\/span>\n\t\t\t\t\t\t\t\t\t<\/li>\n\t\t\t\t\t\t\t\t<li class=\"elementor-icon-list-item\">\n\t\t\t\t\t\t\t\t\t\t<span class=\"elementor-icon-list-text\">Localidad<\/span>\n\t\t\t\t\t\t\t\t\t<\/li>\n\t\t\t\t\t\t\t\t<li class=\"elementor-icon-list-item\">\n\t\t\t\t\t\t\t\t\t\t<span class=\"elementor-icon-list-text\">Provincia<\/span>\n\t\t\t\t\t\t\t\t\t<\/li>\n\t\t\t\t\t\t<\/ul>\n\t\t\t\t\t\t<\/div>\n\t\t\t\t<\/div>\n\t\t\t\t<div class=\"elementor-element elementor-element-77181d3 elementor-align-left elementor-widget__width-initial elementor-widget-mobile__width-inherit elementor-icon-list--layout-traditional elementor-list-item-link-full_width elementor-widget elementor-widget-icon-list\" data-id=\"77181d3\" data-element_type=\"widget\" data-widget_type=\"icon-list.default\">\n\t\t\t\t<div class=\"elementor-widget-container\">\n\t\t\t\t\t\t\t<ul class=\"elementor-icon-list-items\">\n\t\t\t\t\t\t\t<li class=\"elementor-icon-list-item\">\n\t\t\t\t\t\t\t\t\t\t<span class=\"elementor-icon-list-text\">ARS PRIORITY PACKET, S.L.<\/span>\n\t\t\t\t\t\t\t\t\t<\/li>\n\t\t\t\t\t\t\t\t<li class=\"elementor-icon-list-item\">\n\t\t\t\t\t\t\t\t\t\t<span class=\"elementor-icon-list-text\">B55548028<\/span>\n\t\t\t\t\t\t\t\t\t<\/li>\n\t\t\t\t\t\t\t\t<li class=\"elementor-icon-list-item\">\n\t\t\t\t\t\t\t\t\t\t<span class=\"elementor-icon-list-text\">CALLE DEL COURE, 31<\/span>\n\t\t\t\t\t\t\t\t\t<\/li>\n\t\t\t\t\t\t\t\t<li class=\"elementor-icon-list-item\">\n\t\t\t\t\t\t\t\t\t\t<span class=\"elementor-icon-list-text\">43006<\/span>\n\t\t\t\t\t\t\t\t\t<\/li>\n\t\t\t\t\t\t\t\t<li class=\"elementor-icon-list-item\">\n\t\t\t\t\t\t\t\t\t\t<span class=\"elementor-icon-list-text\">TARRAGONA<\/span>\n\t\t\t\t\t\t\t\t\t<\/li>\n\t\t\t\t\t\t\t\t<li class=\"elementor-icon-list-item\">\n\t\t\t\t\t\t\t\t\t\t<span class=\"elementor-icon-list-text\">TARRAGONA<\/span>\n\t\t\t\t\t\t\t\t\t<\/li>\n\t\t\t\t\t\t<\/ul>\n\t\t\t\t\t\t<\/div>\n\t\t\t\t<\/div>\n\t\t\t\t<\/div>\n\t\t\t\t<\/div>\n\t\t\t\t<div class=\"elementor-element elementor-element-a0e782a elementor-widget elementor-widget-heading\" data-id=\"a0e782a\" data-element_type=\"widget\" data-widget_type=\"heading.default\">\n\t\t\t\t<div class=\"elementor-widget-container\">\n\t\t\t\t\t<h2 class=\"elementor-heading-title elementor-size-default\">QU\u00c9 ES UN DATO PERSONAL Y EL TRATAMIENTO DE DATOS PERSONALES<\/h2>\t\t\t\t<\/div>\n\t\t\t\t<\/div>\n\t\t\t\t<div class=\"elementor-element elementor-element-39e94ae elementor-widget elementor-widget-text-editor\" data-id=\"39e94ae\" data-element_type=\"widget\" data-widget_type=\"text-editor.default\">\n\t\t\t\t<div class=\"elementor-widget-container\">\n\t\t\t\t\t\t\t\t\t<p>Un dato personal es toda informaci\u00f3n sobre una persona f\u00edsica identificada o identificable. Se considera persona f\u00edsice identificable toda persona cuya identidad pueda determinarse directa o indirectamente, en particular mediante un identificador, como por ejemplo un nombre, un n\u00famero de identificaci\u00f3n, datos de localizaci\u00f3n, un identificador en l\u00ednea o uno o varios elementos propios de la identidad f\u00edsica, fisiol\u00f3gica, gen\u00e9tica, ps\u00edquica, econ\u00f3mica, cultural o social de dicha persona.<\/p><p>Asimismo, el tratamiento de datos personales implica cualquier operaci\u00f3n o conjunto de operaciones realizadas sobre datos personales o conjuntos de datos personales, ya sea por procedimientos automatizados o no, como la recogida, registro, organizaci\u00f3n, estructuraci\u00f3n, conservaci\u00f3n, adaptaci\u00f3n o modificaci\u00f3n, extracci\u00f3n, consulta, utilizaci\u00f3n, comunicaci\u00f3n por transmisi\u00f3n, difusi\u00f3n o cualquier otra forma de habilitaci\u00f3n de acceso, cotejo o interconexi\u00f3n, limitaci\u00f3n, supresi\u00f3n o destrucci\u00f3n.<\/p>\t\t\t\t\t\t\t\t<\/div>\n\t\t\t\t<\/div>\n\t\t\t\t<div class=\"elementor-element elementor-element-24593e6 elementor-widget elementor-widget-heading\" data-id=\"24593e6\" data-element_type=\"widget\" data-widget_type=\"heading.default\">\n\t\t\t\t<div class=\"elementor-widget-container\">\n\t\t\t\t\t<h2 class=\"elementor-heading-title elementor-size-default\">QU\u00c9 TRATAMIENTOS REALIZAMOS SOBRE SUS DATOS PERSONALES Y PARA \nQU\u00c9 FINALIDADES<\/h2>\t\t\t\t<\/div>\n\t\t\t\t<\/div>\n\t\t\t\t<div class=\"elementor-element elementor-element-22c55d7 elementor-widget elementor-widget-text-editor\" data-id=\"22c55d7\" data-element_type=\"widget\" data-widget_type=\"text-editor.default\">\n\t\t\t\t<div class=\"elementor-widget-container\">\n\t\t\t\t\t\t\t\t\t<p><strong>\u25aa Solicitud de informaci\u00f3n por parte del usuario<\/strong><\/p><p>Gestionar la solicitud de informaci\u00f3n remitida por parte del usuario a trav\u00e9s del formulario de contacto y\/o la direcci\u00f3n de correo electr\u00f3nico, correo postal y\/o\u00a0 n\u00famero de tel\u00e9fono facilitado a trav\u00e9s del sitio web.<br \/><strong>\u25aa Suscripci\u00f3n a newsletter<\/strong><br \/>Gestionar la suscripci\u00f3n al env\u00edo de newsletter<br \/><strong>\u25aa Trabajar con nosotros mediante el env\u00edo del curr\u00edculum<\/strong><br \/>Gesti\u00f3n de los CV recibidos a trav\u00e9s del formulario disponible en el sitio web.<br \/><strong>\u25aa Alta y acceso al perfil de usuario<\/strong><br \/>Gesti\u00f3n del alta y del acceso al portal de usuario mediante la correspondiente cuenta de usuario y contrase\u00f1a.<\/p><p><strong>\u25aa Gesti\u00f3n de los comentarios en el blog.<\/strong><br \/>Gestionar el env\u00edo y recepci\u00f3n de los comentarios que el usuario haya dejado en el blog.<\/p>\t\t\t\t\t\t\t\t<\/div>\n\t\t\t\t<\/div>\n\t\t\t\t<div class=\"elementor-element elementor-element-f21259a elementor-widget elementor-widget-heading\" data-id=\"f21259a\" data-element_type=\"widget\" data-widget_type=\"heading.default\">\n\t\t\t\t<div class=\"elementor-widget-container\">\n\t\t\t\t\t<h2 class=\"elementor-heading-title elementor-size-default\">QU\u00c9 DATOS PERSONALES CAPTAMOS<\/h2>\t\t\t\t<\/div>\n\t\t\t\t<\/div>\n\t\t\t\t<div class=\"elementor-element elementor-element-7882587 elementor-widget elementor-widget-text-editor\" data-id=\"7882587\" data-element_type=\"widget\" data-widget_type=\"text-editor.default\">\n\t\t\t\t<div class=\"elementor-widget-container\">\n\t\t\t\t\t\t\t\t\t<p>A trav\u00e9s de nuestra p\u00e1gina web podemos recabar datos personales para diferentes finalidades:<br \/><strong>\u25aa Solicitud de informaci\u00f3n por parte del usuario<\/strong><br \/>Captaremos aquellos datos personales que nos haya facilitado con motivo de la consulta planteada.<br \/><strong>\u25aa Suscripci\u00f3n a newsletter<\/strong><br \/>Captaremos su direcci\u00f3n de correo electr\u00f3nico.<br \/><strong>\u25aa Trabaja con nosotros mediante el env\u00edo de curr\u00edculum<\/strong><br \/>Captaremos la informaci\u00f3n contenida en el CV que nos haya facilitado.<br \/><strong>\u25aa Alta y acceso al perfil de usuario<\/strong><br \/>Nombre de usuario y contrase\u00f1a, as\u00ed como cualquier otro dato que se haya facilitado con el fin de crear la cuenta o perfil.<br \/><strong>\u25aa Gesti\u00f3n de los comentarios en el blog.<\/strong><br \/>Cualquier dato que se haya facilitado al publicar el correspondiente comentario.<\/p><p><br \/>Dependiendo de la finalidad para la que se aportan los datos, ser\u00e1n requeridos los datos estrictamente necesarios. Es importante que el usuario sea consciente de los datos que aporta y la finalidad para la que lo hace porque en el momento que los facilita, est\u00e1 aceptando que recopilemos, almacenemos y usemos dichos datos para la finalidad requerida, pudiendo en cualquier momento retirar el consentimiento prestado por los cauces oportunos siendo el consentimiento del interesado la base legal y legitimaci\u00f3n para el tratamiento de sus datos personales.<\/p>\t\t\t\t\t\t\t\t<\/div>\n\t\t\t\t<\/div>\n\t\t\t\t<\/div>\n\t\t\t\t\t<\/div>\n\t\t\t\t<\/div>\n\t\t\t\t<\/div>\n\t\t","protected":false},"excerpt":{"rendered":"<p>POL\u00cdTICA DE PRIVACIDAD POL\u00cdTICA DE PRIVACIDAD Somos una empresa en la que la transparencia en la informaci\u00f3n es fundamental para establecer una relaci\u00f3n de confianza con las personas que forman nuestro proyecto y con nuestros proveedores y clientes, siendo la protecci\u00f3n de los datos personales de las personas que conf\u00edan en nosotros de vital importancia, [&hellip;]<\/p>\n","protected":false},"author":1,"featured_media":0,"parent":0,"menu_order":0,"comment_status":"closed","ping_status":"closed","template":"","meta":{"_acf_changed":false,"inline_featured_image":false,"footnotes":""},"class_list":["post-11","page","type-page","status-publish","hentry"],"acf":[],"yoast_head":"<!-- This site is optimized with the Yoast SEO plugin v25.6 - https:\/\/yoast.com\/wordpress\/plugins\/seo\/ -->\n<title>Pol\u00edtica de privacidad - ARS Express<\/title>\n<meta name=\"robots\" content=\"index, follow, max-snippet:-1, max-image-preview:large, max-video-preview:-1\" \/>\n<link rel=\"canonical\" href=\"https:\/\/mangodiv.website\/demo9\/politica-de-privacidad\/\" \/>\n<meta property=\"og:locale\" content=\"es_ES\" \/>\n<meta property=\"og:type\" content=\"article\" \/>\n<meta property=\"og:title\" content=\"Pol\u00edtica de privacidad - ARS Express\" \/>\n<meta property=\"og:description\" content=\"POL\u00cdTICA DE PRIVACIDAD POL\u00cdTICA DE PRIVACIDAD Somos una empresa en la que la transparencia en la informaci\u00f3n es fundamental para establecer una relaci\u00f3n de confianza con las personas que forman nuestro proyecto y con nuestros proveedores y clientes, siendo la protecci\u00f3n de los datos personales de las personas que conf\u00edan en nosotros de vital importancia, [&hellip;]\" \/>\n<meta property=\"og:url\" content=\"https:\/\/mangodiv.website\/demo9\/politica-de-privacidad\/\" \/>\n<meta property=\"og:site_name\" content=\"ARS Express\" \/>\n<meta property=\"article:modified_time\" content=\"2025-08-13T06:37:34+00:00\" \/>\n<meta name=\"twitter:card\" content=\"summary_large_image\" \/>\n<meta name=\"twitter:label1\" content=\"Tiempo de lectura\" \/>\n\t<meta name=\"twitter:data1\" content=\"7 minutos\" \/>\n<script type=\"application\/ld+json\" class=\"yoast-schema-graph\">{\"@context\":\"https:\/\/schema.org\",\"@graph\":[{\"@type\":\"WebPage\",\"@id\":\"https:\/\/mangodiv.website\/demo9\/politica-de-privacidad\/\",\"url\":\"https:\/\/mangodiv.website\/demo9\/politica-de-privacidad\/\",\"name\":\"Pol\u00edtica de privacidad - ARS Express\",\"isPartOf\":{\"@id\":\"https:\/\/mangodiv.website\/demo9\/#website\"},\"datePublished\":\"2025-06-30T08:16:05+00:00\",\"dateModified\":\"2025-08-13T06:37:34+00:00\",\"breadcrumb\":{\"@id\":\"https:\/\/mangodiv.website\/demo9\/politica-de-privacidad\/#breadcrumb\"},\"inLanguage\":\"es\",\"potentialAction\":[{\"@type\":\"ReadAction\",\"target\":[\"https:\/\/mangodiv.website\/demo9\/politica-de-privacidad\/\"]}]},{\"@type\":\"BreadcrumbList\",\"@id\":\"https:\/\/mangodiv.website\/demo9\/politica-de-privacidad\/#breadcrumb\",\"itemListElement\":[{\"@type\":\"ListItem\",\"position\":1,\"name\":\"Home\",\"item\":\"https:\/\/mangodiv.website\/demo9\/\"},{\"@type\":\"ListItem\",\"position\":2,\"name\":\"Pol\u00edtica de privacidad\"}]},{\"@type\":\"WebSite\",\"@id\":\"https:\/\/mangodiv.website\/demo9\/#website\",\"url\":\"https:\/\/mangodiv.website\/demo9\/\",\"name\":\"ARS Express\",\"description\":\"Log\u00edstica y transporte de mercanc\u00eda\",\"publisher\":{\"@id\":\"https:\/\/mangodiv.website\/demo9\/#organization\"},\"potentialAction\":[{\"@type\":\"SearchAction\",\"target\":{\"@type\":\"EntryPoint\",\"urlTemplate\":\"https:\/\/mangodiv.website\/demo9\/?s={search_term_string}\"},\"query-input\":{\"@type\":\"PropertyValueSpecification\",\"valueRequired\":true,\"valueName\":\"search_term_string\"}}],\"inLanguage\":\"es\"},{\"@type\":\"Organization\",\"@id\":\"https:\/\/mangodiv.website\/demo9\/#organization\",\"name\":\"ARS Express\",\"url\":\"https:\/\/mangodiv.website\/demo9\/\",\"logo\":{\"@type\":\"ImageObject\",\"inLanguage\":\"es\",\"@id\":\"https:\/\/mangodiv.website\/demo9\/#\/schema\/logo\/image\/\",\"url\":\"https:\/\/mangodiv.website\/demo9\/wp-content\/uploads\/2025\/06\/logo-ars-elementor.png\",\"contentUrl\":\"https:\/\/mangodiv.website\/demo9\/wp-content\/uploads\/2025\/06\/logo-ars-elementor.png\",\"width\":829,\"height\":354,\"caption\":\"ARS Express\"},\"image\":{\"@id\":\"https:\/\/mangodiv.website\/demo9\/#\/schema\/logo\/image\/\"}}]}<\/script>\n<!-- \/ Yoast SEO plugin. -->","yoast_head_json":{"title":"Pol\u00edtica de privacidad - ARS Express","robots":{"index":"index","follow":"follow","max-snippet":"max-snippet:-1","max-image-preview":"max-image-preview:large","max-video-preview":"max-video-preview:-1"},"canonical":"https:\/\/mangodiv.website\/demo9\/politica-de-privacidad\/","og_locale":"es_ES","og_type":"article","og_title":"Pol\u00edtica de privacidad - ARS Express","og_description":"POL\u00cdTICA DE PRIVACIDAD POL\u00cdTICA DE PRIVACIDAD Somos una empresa en la que la transparencia en la informaci\u00f3n es fundamental para establecer una relaci\u00f3n de confianza con las personas que forman nuestro proyecto y con nuestros proveedores y clientes, siendo la protecci\u00f3n de los datos personales de las personas que conf\u00edan en nosotros de vital importancia, [&hellip;]","og_url":"https:\/\/mangodiv.website\/demo9\/politica-de-privacidad\/","og_site_name":"ARS Express","article_modified_time":"2025-08-13T06:37:34+00:00","twitter_card":"summary_large_image","twitter_misc":{"Tiempo de lectura":"7 minutos"},"schema":{"@context":"https:\/\/schema.org","@graph":[{"@type":"WebPage","@id":"https:\/\/mangodiv.website\/demo9\/politica-de-privacidad\/","url":"https:\/\/mangodiv.website\/demo9\/politica-de-privacidad\/","name":"Pol\u00edtica de privacidad - ARS Express","isPartOf":{"@id":"https:\/\/mangodiv.website\/demo9\/#website"},"datePublished":"2025-06-30T08:16:05+00:00","dateModified":"2025-08-13T06:37:34+00:00","breadcrumb":{"@id":"https:\/\/mangodiv.website\/demo9\/politica-de-privacidad\/#breadcrumb"},"inLanguage":"es","potentialAction":[{"@type":"ReadAction","target":["https:\/\/mangodiv.website\/demo9\/politica-de-privacidad\/"]}]},{"@type":"BreadcrumbList","@id":"https:\/\/mangodiv.website\/demo9\/politica-de-privacidad\/#breadcrumb","itemListElement":[{"@type":"ListItem","position":1,"name":"Home","item":"https:\/\/mangodiv.website\/demo9\/"},{"@type":"ListItem","position":2,"name":"Pol\u00edtica de privacidad"}]},{"@type":"WebSite","@id":"https:\/\/mangodiv.website\/demo9\/#website","url":"https:\/\/mangodiv.website\/demo9\/","name":"ARS Express","description":"Log\u00edstica y transporte de mercanc\u00eda","publisher":{"@id":"https:\/\/mangodiv.website\/demo9\/#organization"},"potentialAction":[{"@type":"SearchAction","target":{"@type":"EntryPoint","urlTemplate":"https:\/\/mangodiv.website\/demo9\/?s={search_term_string}"},"query-input":{"@type":"PropertyValueSpecification","valueRequired":true,"valueName":"search_term_string"}}],"inLanguage":"es"},{"@type":"Organization","@id":"https:\/\/mangodiv.website\/demo9\/#organization","name":"ARS Express","url":"https:\/\/mangodiv.website\/demo9\/","logo":{"@type":"ImageObject","inLanguage":"es","@id":"https:\/\/mangodiv.website\/demo9\/#\/schema\/logo\/image\/","url":"https:\/\/mangodiv.website\/demo9\/wp-content\/uploads\/2025\/06\/logo-ars-elementor.png","contentUrl":"https:\/\/mangodiv.website\/demo9\/wp-content\/uploads\/2025\/06\/logo-ars-elementor.png","width":829,"height":354,"caption":"ARS Express"},"image":{"@id":"https:\/\/mangodiv.website\/demo9\/#\/schema\/logo\/image\/"}}]}},"_links":{"self":[{"href":"https:\/\/mangodiv.website\/demo9\/wp-json\/wp\/v2\/pages\/11","targetHints":{"allow":["GET"]}}],"collection":[{"href":"https:\/\/mangodiv.website\/demo9\/wp-json\/wp\/v2\/pages"}],"about":[{"href":"https:\/\/mangodiv.website\/demo9\/wp-json\/wp\/v2\/types\/page"}],"author":[{"embeddable":true,"href":"https:\/\/mangodiv.website\/demo9\/wp-json\/wp\/v2\/users\/1"}],"replies":[{"embeddable":true,"href":"https:\/\/mangodiv.website\/demo9\/wp-json\/wp\/v2\/comments?post=11"}],"version-history":[{"count":11,"href":"https:\/\/mangodiv.website\/demo9\/wp-json\/wp\/v2\/pages\/11\/revisions"}],"predecessor-version":[{"id":4805,"href":"https:\/\/mangodiv.website\/demo9\/wp-json\/wp\/v2\/pages\/11\/revisions\/4805"}],"wp:attachment":[{"href":"https:\/\/mangodiv.website\/demo9\/wp-json\/wp\/v2\/media?parent=11"}],"curies":[{"name":"wp","href":"https:\/\/api.w.org\/{rel}","templated":true}]}}